{"id":213,"date":"2018-10-14T11:12:33","date_gmt":"2018-10-14T11:12:33","guid":{"rendered":"https:\/\/joel.koenig-rothrist.ch\/?page_id=213"},"modified":"2026-03-22T13:07:10","modified_gmt":"2026-03-22T12:07:10","slug":"wasserspielgruppe-schildkroetli","status":"publish","type":"page","link":"https:\/\/schwimmschulerothrist.ch\/?page_id=213","title":{"rendered":"Wasserspielgruppe &#8222;Schildkr\u00f6tli&#8220;"},"content":{"rendered":"\t\t<div data-elementor-type=\"wp-page\" data-elementor-id=\"213\" class=\"elementor elementor-213\" data-elementor-post-type=\"page\">\n\t\t\t\t\t\t<section class=\"elementor-section elementor-top-section elementor-element elementor-element-7f11c1a elementor-section-boxed elementor-section-height-default elementor-section-height-default\" data-id=\"7f11c1a\" data-element_type=\"section\" data-e-type=\"section\">\n\t\t\t\t\t\t<div class=\"elementor-container elementor-column-gap-default\">\n\t\t\t\t\t<div class=\"elementor-column elementor-col-100 elementor-top-column elementor-element elementor-element-571b619d\" data-id=\"571b619d\" data-element_type=\"column\" data-e-type=\"column\">\n\t\t\t<div class=\"elementor-widget-wrap elementor-element-populated\">\n\t\t\t\t\t\t<div class=\"elementor-element elementor-element-553209a3 elementor-widget elementor-widget-text-editor\" data-id=\"553209a3\" data-element_type=\"widget\" data-e-type=\"widget\" data-widget_type=\"text-editor.default\">\n\t\t\t\t<div class=\"elementor-widget-container\">\n\t\t\t\t\t\t\t\t\t<h2><img fetchpriority=\"high\" decoding=\"async\" class=\"\" src=\"https:\/\/schwimmschulerothrist.ch\/wp-content\/uploads\/2019\/11\/Wasserspielgruppe-e1620468436447.jpg\" alt=\"\" width=\"303\" height=\"216\" \/><br \/><br \/><span style=\"color: #000000;\"><strong>Wasserspielgruppe<\/strong><\/span>\u00a0 <strong><span style=\"color: #008000;\">&lt;&lt; Schildkr\u00f6tli &gt;&gt;<\/span><\/strong><\/h2><p><span style=\"color: #000000;\">der Schwimmschule Rothrist<\/span><\/p><p><span style=\"color: #000000;\">Ab 18. August 2026 hat es wieder freie Pl\u00e4tze f\u00fcr die\u00a0 Wasserspielgruppe im Hallenbad Rothrist. In unserer Spielgruppe sind Kinder ab 3 Jahren bis Kindergartenalter willkommen.<\/span><\/p><p><span style=\"color: #000000;\">Sie lernen bei uns das Element Wasser kennen. Wir versuchen den Kindern die Freude am Wasser spielerisch zu vermitteln mit Spielen, Geschichten, Versli und Lieder.<\/span><\/p><p><span style=\"color: #000000;\">Den ersten Teil werden wir im Wasser verbringen. Danach werden wir uns anziehen und gemeinsam im Restaurant ein gesundes Zn\u00fcni geniessen. Wenn es die Zeit zul\u00e4sst, spielen, basteln und zeichnen wir noch zusammen.<\/span><\/p><p><span style=\"color: #000000;\">Im Sommer werden wir nach dem Zn\u00fcni bei gutem Wetter draussen spielen.<\/span><\/p><p><span style=\"color: #000000;\">Uns ist es wichtig, dass die Kinder neue Erfahrungen machen und ihre eigenen F\u00e4higkeiten kennen lernen. Wir f\u00f6rdern die Kinder altersgerecht und st\u00e4rken ihr Selbstvertrauen und ihren Lebensrucksack. Das gemeinsame Erleben mit anderen Kindern f\u00f6rdert das Selbstwertgef\u00fchl und das Sozialverhalten wird gest\u00e4rkt.<\/span><\/p><p><span style=\"color: #000000;\">Ein weiterer wichtiger Aspekt ist der Abl\u00f6sungsprozess. Erste Erfahrungen ausserhalb der Familie zu sammeln in einer Gruppe Gleichaltriger.<\/span><\/p><p><img decoding=\"async\" class=\"alignnone  wp-image-4761\" src=\"https:\/\/schwimmschulerothrist.ch\/wp-content\/uploads\/2026\/03\/SSLV_2026-300x209.jpg\" alt=\"\" width=\"452\" height=\"315\" srcset=\"https:\/\/schwimmschulerothrist.ch\/wp-content\/uploads\/2026\/03\/SSLV_2026-300x209.jpg 300w, https:\/\/schwimmschulerothrist.ch\/wp-content\/uploads\/2026\/03\/SSLV_2026-768x535.jpg 768w, https:\/\/schwimmschulerothrist.ch\/wp-content\/uploads\/2026\/03\/SSLV_2026.jpg 878w\" sizes=\"(max-width: 452px) 100vw, 452px\" \/><\/p><p><span style=\"color: #ff6600;\"><strong>ZEIT:<\/strong><\/span><\/p><p><span style=\"color: #000000;\">Immer Dienstag von 09.00 bis 11.00 Uhr<\/span><\/p><p><span style=\"color: #000000;\">Treffpunkt beim Haupteingang Badi Rothrist \/ Abholung: 11.00 Uhr beim Haupteingang<\/span><\/p><p><span style=\"color: #000000;\">Wir bitten um p\u00fcnktliches Erscheinen, um 09.00 m\u00f6chten wir gemeinsam in die Umkleidekabine gehen. Bitte ziehen Sie ihrem Kind die Badekleider bereits zu Hause an.<\/span><\/p><p><span style=\"color: #ff6600;\"><strong>ZN\u00dcNI:<\/strong><\/span><\/p><p><span style=\"color: #000000;\">Das Zn\u00fcni, inkl. Getr\u00e4nk wird von der Wasserspielgruppe offeriert.<\/span><\/p><p><span style=\"color: #ff6600;\"><strong>SICHERHEIT:<\/strong><\/span><\/p><p><span style=\"color: #000000;\">Um eine gute und sichere Betreuung zu gew\u00e4hrleisten, betreuen wir die Kinder immer zu zweit.<\/span><\/p><p><span style=\"color: #ff6600;\"><strong>\u00dcBER UNS:<\/strong><\/span><\/p><p><span style=\"color: #000000;\">Wir sind 2 ausgebildete Spielgruppenleiterinnen mit BLS AED und Rettungsbrevet und begleiten die Kinder w\u00e4hrend 2 Stunden. Wir sind \u00fcberzeugt, mit ihren Kindern eine interessante und lehrreiche Zeit zu verbringen.<\/span><\/p><p><span style=\"color: #ff6600;\"><strong>KOSTEN:<\/strong><\/span><\/p><p><span style=\"color: #000000;\">Sie melden Ihr Kind f\u00fcr jeweils 1 Jahr an. (35-36 mal)<\/span><\/p><p><span style=\"color: #000000;\">Die Bezahlung erfolgt per Quartal mit Fr. 245.\u2014 inkl. Zn\u00fcni und Abzeichen, exkl. Eintritt<\/span><\/p><p><span style=\"color: #000000;\"><strong>Wichtig: <\/strong>Das erste Quartal wird immer in Rechnung gestellt (f\u00fcr die geleisteten Aufw\u00e4nde, Einteilung, Einf\u00fchrung usw.), auch wenn Sie sich als Eltern sp\u00e4ter f\u00fcr einen Austritt entscheiden. Austritte k\u00f6nnen mit Absprache der Leiterin erfolgen.<\/span><\/p><p><span style=\"color: #ff6600;\"><strong>ALLGEMEINES:<\/strong><\/span><\/p><p><span style=\"color: #000000;\">Am Ende des Spielgruppenjahrs erh\u00e4lt jedes Kind das Wassergew\u00f6hnungs-Abzeichen. Wenn es interessiert ist, kann es das n\u00e4chste Abzeichen (Krebsli) bei der Schwimmschule Rothrist machen.<\/span><\/p><p><span style=\"color: #000000;\">Alle Kinder tragen eine Badekappe im Wasser welche wir zu Verf\u00fcgung stellen.<\/span><\/p><p><span style=\"color: #000000;\">Wir richten uns nach dem Ferienplan der Schule Rothrist. Ansonsten gilt das Reglement der Schwimmschule Rothrist.<\/span><\/p><p><span style=\"color: #000000;\"><strong>Das Hallenbad ist nach den Fr\u00fchlingsferien f\u00fcr 2-3 Wochen wegen Revision geschlossen, da findet keine Spielgruppe statt.<\/strong>\u00a0<\/span>\u00a0\u00a0\u00a0\u00a0\u00a0\u00a0\u00a0\u00a0\u00a0\u00a0\u00a0\u00a0\u00a0\u00a0\u00a0\u00a0\u00a0\u00a0\u00a0\u00a0\u00a0\u00a0\u00a0\u00a0\u00a0\u00a0\u00a0\u00a0\u00a0\u00a0\u00a0 \u00a0\u00a0\u00a0\u00a0\u00a0\u00a0\u00a0\u00a0<\/p><p><span style=\"color: #000000;\">Bitte beachten, Rothrister k\u00f6nnen auf der Gemeinde Verwaltung Rothrist eine Verg\u00fcnstigung f\u00fcr Abo\u2019s abholen und Ausw\u00e4rtigen raten wir ein 10er Abo zu l\u00f6sen.<\/span><\/p><p><span style=\"color: #ff0000;\"><strong>ABSENZEN:<\/strong><\/span><\/p><p><span style=\"color: #000000;\">Die Kinder sollen die Wasserspielgruppe regelm\u00e4ssig besuchen und nur ausnahmsweise f\u00fcr Ferien fernbleiben. Bei Krankheit melden Sie Ihr Kind bei der Leiterin ab, per SMS oder WhatsApp ist auch ok.<\/span><\/p><p><span style=\"color: #000000;\">Verpasste Lektionen werden nicht verg\u00fctet und k\u00f6nnen auch nicht vor- oder nachgeholt werden. Ist eine Leiterin krank oder verhindert, werden wir versuchen einen Ersatz zu finden, sollten dies nicht m\u00f6glich sein, f\u00e4llt die Lektion aus und wird nicht zur\u00fcckerstattet. Wird das Hallenbad auf Grund Betriebsst\u00f6rung, h\u00f6here Gewalt (beh\u00f6rdliche Anordnung, Naturkatastrophen, Feuer etc.) geschlossen. Werden keine Elternbeitr\u00e4ge zur\u00fcckerstattet.<\/span><\/p><p><span style=\"color: #000000;\">Wir freuen uns auf Dich !<\/span><\/p><p><span style=\"color: #000000;\">Spielgruppenleiterinnen\u00a0\u00a0 Conny\u00a0 +\u00a0 Sandra<\/span><\/p><p><span style=\"color: #000000;\">Einfach hier\u00a0<a style=\"color: #000000;\" href=\"https:\/\/schwimmschulerothrist.ch\/?page_id=486\"><span style=\"color: #3366ff;\">anmelden<\/span><\/a> !<\/span><\/p>\t\t\t\t\t\t\t\t<\/div>\n\t\t\t\t<\/div>\n\t\t\t\t\t<\/div>\n\t\t<\/div>\n\t\t\t\t\t<\/div>\n\t\t<\/section>\n\t\t\t\t<\/div>\n\t\t","protected":false},"excerpt":{"rendered":"<p>Wasserspielgruppe\u00a0 &lt;&lt; Schildkr\u00f6tli &gt;&gt; der Schwimmschule Rothrist Ab 18. August 2026 hat es wieder freie Pl\u00e4tze f\u00fcr die\u00a0 Wasserspielgruppe im Hallenbad Rothrist. In unserer Spielgruppe sind Kinder ab 3 Jahren bis Kindergartenalter willkommen. Sie lernen bei uns das Element Wasser kennen. Wir versuchen den Kindern die Freude am Wasser spielerisch zu vermitteln mit Spielen, Geschichten, &hellip; <\/p>\n<p class=\"link-more\"><a href=\"https:\/\/schwimmschulerothrist.ch\/?page_id=213\" class=\"more-link\"><span class=\"screen-reader-text\">\u201eWasserspielgruppe &#8222;Schildkr\u00f6tli&#8220;\u201c <\/span>weiterlesen<\/a><\/p>\n","protected":false},"author":1,"featured_media":0,"parent":0,"menu_order":0,"comment_status":"closed","ping_status":"closed","template":"","meta":{"footnotes":""},"class_list":["post-213","page","type-page","status-publish","hentry"],"_links":{"self":[{"href":"https:\/\/schwimmschulerothrist.ch\/index.php?rest_route=\/wp\/v2\/pages\/213","targetHints":{"allow":["GET"]}}],"collection":[{"href":"https:\/\/schwimmschulerothrist.ch\/index.php?rest_route=\/wp\/v2\/pages"}],"about":[{"href":"https:\/\/schwimmschulerothrist.ch\/index.php?rest_route=\/wp\/v2\/types\/page"}],"author":[{"embeddable":true,"href":"https:\/\/schwimmschulerothrist.ch\/index.php?rest_route=\/wp\/v2\/users\/1"}],"replies":[{"embeddable":true,"href":"https:\/\/schwimmschulerothrist.ch\/index.php?rest_route=%2Fwp%2Fv2%2Fcomments&post=213"}],"version-history":[{"count":77,"href":"https:\/\/schwimmschulerothrist.ch\/index.php?rest_route=\/wp\/v2\/pages\/213\/revisions"}],"predecessor-version":[{"id":4767,"href":"https:\/\/schwimmschulerothrist.ch\/index.php?rest_route=\/wp\/v2\/pages\/213\/revisions\/4767"}],"wp:attachment":[{"href":"https:\/\/schwimmschulerothrist.ch\/index.php?rest_route=%2Fwp%2Fv2%2Fmedia&parent=213"}],"curies":[{"name":"wp","href":"https:\/\/api.w.org\/{rel}","templated":true}]}}