{"id":38,"date":"2018-06-30T20:19:51","date_gmt":"2018-06-30T20:19:51","guid":{"rendered":"https:\/\/joel.koenig-rothrist.ch\/?page_id=38"},"modified":"2026-03-30T17:54:08","modified_gmt":"2026-03-30T15:54:08","slug":"blog","status":"publish","type":"page","link":"https:\/\/schwimmschulerothrist.ch\/?page_id=38","title":{"rendered":"Team \u2013 Mit viel Leidenschaft im Wasser"},"content":{"rendered":"\t\t<div data-elementor-type=\"wp-post\" data-elementor-id=\"38\" class=\"elementor elementor-38\" data-elementor-post-type=\"page\">\n\t\t\t\t\t\t<section class=\"elementor-section elementor-top-section elementor-element elementor-element-657e7e3c elementor-section-boxed elementor-section-height-default elementor-section-height-default\" data-id=\"657e7e3c\" data-element_type=\"section\" data-e-type=\"section\">\n\t\t\t\t\t\t<div class=\"elementor-container elementor-column-gap-default\">\n\t\t\t\t\t<div class=\"elementor-column elementor-col-100 elementor-top-column elementor-element elementor-element-415112cd\" data-id=\"415112cd\" data-element_type=\"column\" data-e-type=\"column\">\n\t\t\t<div class=\"elementor-widget-wrap elementor-element-populated\">\n\t\t\t\t\t\t<div class=\"elementor-element elementor-element-214221f elementor-widget elementor-widget-text-editor\" data-id=\"214221f\" data-element_type=\"widget\" data-e-type=\"widget\" data-widget_type=\"text-editor.default\">\n\t\t\t\t<div class=\"elementor-widget-container\">\n\t\t\t\t\t\t\t\t\t<p><span style=\"color: #000000;\">Wir sind ein p\u00e4dagogisch und fachlich gut ausgebildetes Team von Schwimmlehrerinnen, die dich durch die verschiedenen Schwimmkurse begleiten.<br><\/span><\/p>\n<div>\n<div><img decoding=\"async\" class=\"alignnone wp-image-4775\" src=\"https:\/\/schwimmschulerothrist.ch\/wp-content\/uploads\/2026\/03\/Conny_2026-246x300.jpg\" alt=\"\" width=\"198\" height=\"242\" srcset=\"https:\/\/schwimmschulerothrist.ch\/wp-content\/uploads\/2026\/03\/Conny_2026-246x300.jpg 246w, https:\/\/schwimmschulerothrist.ch\/wp-content\/uploads\/2026\/03\/Conny_2026.jpg 400w\" sizes=\"(max-width: 198px) 100vw, 198px\" \/><\/div>\n<div><span style=\"color: #000000;\"><strong>Conny K\u00f6nig<\/strong><\/span><\/div>\n<div><span style=\"color: #000000;\">Leitung <span style=\"font-size: 1rem;\">\/ Administration<\/span><\/span><\/div>\n<div><span style=\"color: #000000;\">Babyschwimmen<\/span><\/div>\n<div><span style=\"color: #000000;\">Wasserspielgruppe<\/span><\/div>\n<div><span style=\"color: #000000;\">Elki und 4 j\u00e4hrigen Schwimmkurse<\/span><\/div>\n<div><span style=\"color: #000000;\">Schwimmkurse Krebs, Seepferd<\/span><\/div>\n<\/div>\n<div>&nbsp;<\/div>\n<div>\n<p><img decoding=\"async\" class=\"\" src=\"https:\/\/schwimmschulerothrist.ch\/wp-content\/uploads\/2019\/01\/Serafina.jpg\" alt=\"\" width=\"197\" height=\"239\"><br><span style=\"color: #000000;\"><strong>Serafina Renggli<br><\/strong>Kinderschwimmen 4 j\u00e4hrige<br>Schwimmkurs: Grundlagetest Krebs bis Eisb\u00e4r<\/span><br><span style=\"color: #000000;\">Schwimmtest Wal-Delfin<br>Schwimmtraining f\u00fcr Jugendliche<\/span><br><span style=\"color: #000000; font-family: var( --e-global-typography-text-font-family ), Sans-serif; font-weight: var( --e-global-typography-text-font-weight ); font-size: 1rem;\">Ferienkurse<\/span><\/p>\n<p><img decoding=\"async\" class=\"alignnone wp-image-4776\" src=\"https:\/\/schwimmschulerothrist.ch\/wp-content\/uploads\/2026\/03\/Krisztina_2026-239x300.jpg\" alt=\"\" width=\"198\" height=\"248\" srcset=\"https:\/\/schwimmschulerothrist.ch\/wp-content\/uploads\/2026\/03\/Krisztina_2026-239x300.jpg 239w, https:\/\/schwimmschulerothrist.ch\/wp-content\/uploads\/2026\/03\/Krisztina_2026.jpg 400w\" sizes=\"(max-width: 198px) 100vw, 198px\" \/><br><strong><span style=\"color: #000000;\">Krisztina Wyler<\/span><br><\/strong><span style=\"color: #000000;\">Babyschwimmen<\/span><br><span style=\"color: #000000;\">Elki und 4 j\u00e4hrigen Schwimmkurse<\/span><br><span style=\"color: #000000;\">Schwimmkurse Krebs, Seepferd<\/span><\/p>\n<p><img loading=\"lazy\" decoding=\"async\" class=\"\" src=\"https:\/\/schwimmschulerothrist.ch\/wp-content\/uploads\/2019\/01\/Kaya.jpg\" alt=\"\" width=\"198\" height=\"229\"><br><span style=\"color: #000000;\"><strong>Kaya Spengler<\/strong><\/span><br><span style=\"color: #000000;\">Schwimmkurs: Grundlagetest Krebs bis Eisb\u00e4r<\/span><br><span style=\"color: #000000;\">Erwachsenen Schwimmen<\/span><br><span style=\"color: #000000;\">Privat Kurse<\/span><\/p>\n<p><img loading=\"lazy\" decoding=\"async\" class=\"alignnone wp-image-4777\" src=\"https:\/\/schwimmschulerothrist.ch\/wp-content\/uploads\/2026\/03\/Luzia_2026-229x300.jpg\" alt=\"\" width=\"200\" height=\"262\" srcset=\"https:\/\/schwimmschulerothrist.ch\/wp-content\/uploads\/2026\/03\/Luzia_2026-229x300.jpg 229w, https:\/\/schwimmschulerothrist.ch\/wp-content\/uploads\/2026\/03\/Luzia_2026.jpg 400w\" sizes=\"(max-width: 200px) 100vw, 200px\" \/><br><span style=\"color: #000000;\"><strong>Luzia Kaufmann<\/strong><\/span><br><span style=\"color: #000000;\">Kinderschwimmen 4 j\u00e4hrig<\/span><br><span style=\"color: #000000;\">Grundlagentest Krebs bis Eisb\u00e4r<\/span><br><span style=\"color: #000000;\">Schwimmtest Wal bis Delfin<br>Ferienkurse<\/span><\/p>\n<p><span style=\"font-weight: bold;\"><span style=\"color: #000000;\"><img loading=\"lazy\" decoding=\"async\" class=\"alignnone wp-image-4780\" src=\"https:\/\/schwimmschulerothrist.ch\/wp-content\/uploads\/2026\/03\/Veronique_2026-244x300.jpg\" alt=\"\" width=\"201\" height=\"247\" srcset=\"https:\/\/schwimmschulerothrist.ch\/wp-content\/uploads\/2026\/03\/Veronique_2026-244x300.jpg 244w, https:\/\/schwimmschulerothrist.ch\/wp-content\/uploads\/2026\/03\/Veronique_2026.jpg 400w\" sizes=\"(max-width: 201px) 100vw, 201px\" \/><br>V\u00e9ronique L\u00f6ffler<\/span><br><\/span><span style=\"color: #000000;\">Kinderschwimmen 4 j\u00e4hrig<\/span><br><span style=\"color: #000000;\">Grundlagentest Krebs bis Eisb\u00e4r<\/span><br><span style=\"color: #000000;\">Schwimmtest Wal bis Delfin<br>Ferienkurse<\/span><\/p>\n<p><span style=\"font-weight: bold;\"><span style=\"color: #000000;\"><img loading=\"lazy\" decoding=\"async\" class=\"alignnone wp-image-4778\" src=\"https:\/\/schwimmschulerothrist.ch\/wp-content\/uploads\/2026\/03\/Rachel_2026-226x300.jpg\" alt=\"\" width=\"202\" height=\"268\" srcset=\"https:\/\/schwimmschulerothrist.ch\/wp-content\/uploads\/2026\/03\/Rachel_2026-226x300.jpg 226w, https:\/\/schwimmschulerothrist.ch\/wp-content\/uploads\/2026\/03\/Rachel_2026.jpg 400w\" sizes=\"(max-width: 202px) 100vw, 202px\" \/><br>Rachel Acklin&nbsp;<\/span><br><\/span><span style=\"color: #000000;\">Kinderschwimmen 4 j\u00e4hrig<\/span><br><span style=\"color: #000000;\">Grundlagentest Krebs bis Eisb\u00e4r<\/span><br><span style=\"color: #000000;\">Schwimmtest Wal bis Delfin<br><\/span><span style=\"color: #000000; font-size: 1rem;\">Atlantis<br><\/span><span style=\"color: #000000; font-size: 1rem;\">Ferienkurse<\/span><\/p>\n<p><strong><img loading=\"lazy\" decoding=\"async\" class=\"\" src=\"https:\/\/schwimmschulerothrist.ch\/wp-content\/uploads\/2023\/07\/Gabi-222x300.jpg\" alt=\"\" width=\"199\" height=\"269\"><br><span style=\"color: #000000;\">Gabi Hodel<\/span><br><\/strong><span style=\"color: #000000;\">Springerin&nbsp;<br>Kinderschwimmen 4 j\u00e4hrig<\/span><br><span style=\"color: #000000;\">Grundlagentest Krebs bis Eisb\u00e4r<\/span><br><span style=\"color: #000000;\">Schwimmtest Wal bis Delfin<\/span><strong><br><\/strong><\/p>\n<p><img loading=\"lazy\" decoding=\"async\" class=\"alignnone wp-image-4779\" src=\"https:\/\/schwimmschulerothrist.ch\/wp-content\/uploads\/2026\/03\/Tanja_2026-244x300.jpg\" alt=\"\" width=\"197\" height=\"243\" srcset=\"https:\/\/schwimmschulerothrist.ch\/wp-content\/uploads\/2026\/03\/Tanja_2026-244x300.jpg 244w, https:\/\/schwimmschulerothrist.ch\/wp-content\/uploads\/2026\/03\/Tanja_2026.jpg 400w\" sizes=\"(max-width: 197px) 100vw, 197px\" \/><br><span style=\"font-size: 1rem;\"><span style=\"color: #000000;\"><b>Tanja Dambach<br><\/b><\/span><\/span><span style=\"color: #000000; font-size: 1rem;\">Springerin<\/span><\/p>\n<p><img loading=\"lazy\" decoding=\"async\" class=\"\" style=\"font-size: 1rem;\" src=\"https:\/\/schwimmschulerothrist.ch\/wp-content\/uploads\/2019\/05\/Sandra.jpg\" alt=\"\" width=\"197\" height=\"247\"><br><span style=\"font-size: 1rem;\"><span style=\"color: #000000;\"><b>Sandra Scheibler<br><\/b><\/span><\/span><span style=\"color: #000000; font-size: 1rem;\">Wasserspielgruppe<\/span><\/p>\n<\/div>\n<p><img loading=\"lazy\" decoding=\"async\" src=\"https:\/\/schwimmschulerothrist.ch\/wp-content\/uploads\/2018\/10\/schildkrot.png\" alt=\"\" width=\"140\" height=\"140\"><br><span style=\"color: #000000;\"><strong>Stephanie Schaffner<\/strong><\/span><br><span style=\"color: #000000;\">Springerin Wasserspielgruppe<\/span><\/p>\n<p><\/p>\t\t\t\t\t\t\t\t<\/div>\n\t\t\t\t<\/div>\n\t\t\t\t\t<\/div>\n\t\t<\/div>\n\t\t\t\t\t<\/div>\n\t\t<\/section>\n\t\t\t\t<\/div>\n\t\t","protected":false},"excerpt":{"rendered":"<p>Wir sind ein p\u00e4dagogisch und fachlich gut ausgebildetes Team von Schwimmlehrerinnen, die dich durch die verschiedenen Schwimmkurse begleiten. Conny K\u00f6nig Leitung \/ Administration Babyschwimmen Wasserspielgruppe Elki und 4 j\u00e4hrigen Schwimmkurse Schwimmkurse Krebs, Seepferd &nbsp; Serafina RenggliKinderschwimmen 4 j\u00e4hrigeSchwimmkurs: Grundlagetest Krebs bis Eisb\u00e4rSchwimmtest Wal-DelfinSchwimmtraining f\u00fcr JugendlicheFerienkurse Krisztina WylerBabyschwimmenElki und 4 j\u00e4hrigen SchwimmkurseSchwimmkurse Krebs, Seepferd Kaya SpenglerSchwimmkurs: &hellip; <\/p>\n<p class=\"link-more\"><a href=\"https:\/\/schwimmschulerothrist.ch\/?page_id=38\" class=\"more-link\"><span class=\"screen-reader-text\">\u201eTeam \u2013 Mit viel Leidenschaft im Wasser\u201c <\/span>weiterlesen<\/a><\/p>\n","protected":false},"author":1,"featured_media":0,"parent":0,"menu_order":0,"comment_status":"closed","ping_status":"closed","template":"","meta":{"footnotes":""},"class_list":["post-38","page","type-page","status-publish","hentry"],"_links":{"self":[{"href":"https:\/\/schwimmschulerothrist.ch\/index.php?rest_route=\/wp\/v2\/pages\/38","targetHints":{"allow":["GET"]}}],"collection":[{"href":"https:\/\/schwimmschulerothrist.ch\/index.php?rest_route=\/wp\/v2\/pages"}],"about":[{"href":"https:\/\/schwimmschulerothrist.ch\/index.php?rest_route=\/wp\/v2\/types\/page"}],"author":[{"embeddable":true,"href":"https:\/\/schwimmschulerothrist.ch\/index.php?rest_route=\/wp\/v2\/users\/1"}],"replies":[{"embeddable":true,"href":"https:\/\/schwimmschulerothrist.ch\/index.php?rest_route=%2Fwp%2Fv2%2Fcomments&post=38"}],"version-history":[{"count":97,"href":"https:\/\/schwimmschulerothrist.ch\/index.php?rest_route=\/wp\/v2\/pages\/38\/revisions"}],"predecessor-version":[{"id":4789,"href":"https:\/\/schwimmschulerothrist.ch\/index.php?rest_route=\/wp\/v2\/pages\/38\/revisions\/4789"}],"wp:attachment":[{"href":"https:\/\/schwimmschulerothrist.ch\/index.php?rest_route=%2Fwp%2Fv2%2Fmedia&parent=38"}],"curies":[{"name":"wp","href":"https:\/\/api.w.org\/{rel}","templated":true}]}}