{"id":486,"date":"2019-01-11T19:13:31","date_gmt":"2019-01-11T19:13:31","guid":{"rendered":"https:\/\/schwimmschulerothrist.ch\/?page_id=486"},"modified":"2025-06-15T23:53:16","modified_gmt":"2025-06-15T21:53:16","slug":"elementor-486","status":"publish","type":"page","link":"https:\/\/schwimmschulerothrist.ch\/?page_id=486","title":{"rendered":"Verbindliche Kursanmeldung"},"content":{"rendered":"\t\t<div data-elementor-type=\"wp-post\" data-elementor-id=\"486\" class=\"elementor elementor-486\" data-elementor-post-type=\"page\">\n\t\t\t\t\t\t<section class=\"elementor-section elementor-top-section elementor-element elementor-element-4a98fe2 elementor-section-full_width elementor-section-height-default elementor-section-height-default\" data-id=\"4a98fe2\" data-element_type=\"section\" data-e-type=\"section\">\n\t\t\t\t\t\t<div class=\"elementor-container elementor-column-gap-default\">\n\t\t\t\t\t<div class=\"elementor-column elementor-col-100 elementor-top-column elementor-element elementor-element-ef95736\" data-id=\"ef95736\" data-element_type=\"column\" data-e-type=\"column\">\n\t\t\t<div class=\"elementor-widget-wrap elementor-element-populated\">\n\t\t\t\t\t\t<div class=\"elementor-element elementor-element-cb643ed elementor-widget elementor-widget-text-editor\" data-id=\"cb643ed\" data-element_type=\"widget\" data-e-type=\"widget\" data-widget_type=\"text-editor.default\">\n\t\t\t\t<div class=\"elementor-widget-container\">\n\t\t\t\t\t\t\t\t\t\n<div class=\"wpcf7 no-js\" id=\"wpcf7-f533-o1\" lang=\"de-DE\" dir=\"ltr\" data-wpcf7-id=\"533\">\n<div class=\"screen-reader-response\"><p role=\"status\" aria-live=\"polite\" aria-atomic=\"true\"><\/p> <ul><\/ul><\/div>\n<form action=\"\/index.php?rest_route=%2Fwp%2Fv2%2Fpages%2F486#wpcf7-f533-o1\" method=\"post\" class=\"wpcf7-form init\" aria-label=\"Kontaktformular\" novalidate=\"novalidate\" data-status=\"init\">\n<fieldset class=\"hidden-fields-container\"><input type=\"hidden\" name=\"_wpcf7\" value=\"533\" \/><input type=\"hidden\" name=\"_wpcf7_version\" value=\"6.1.5\" \/><input type=\"hidden\" name=\"_wpcf7_locale\" value=\"de_DE\" \/><input type=\"hidden\" name=\"_wpcf7_unit_tag\" value=\"wpcf7-f533-o1\" \/><input type=\"hidden\" name=\"_wpcf7_container_post\" value=\"0\" \/><input type=\"hidden\" name=\"_wpcf7_posted_data_hash\" value=\"\" \/>\n<\/fieldset>\n<p><label>Informationen zum Kursteilnehmer <\/label>\n<\/p>\n<p><label> Geschlecht (*) <\/label><span class=\"wpcf7-form-control-wrap\" data-name=\"radio-854\"><span class=\"wpcf7-form-control wpcf7-radio\"><span class=\"wpcf7-list-item first\"><input type=\"radio\" name=\"radio-854\" value=\"weiblich\" \/><span class=\"wpcf7-list-item-label\">weiblich<\/span><\/span><span class=\"wpcf7-list-item last\"><input type=\"radio\" name=\"radio-854\" value=\"m\u00e4nnlich\" \/><span class=\"wpcf7-list-item-label\">m\u00e4nnlich<\/span><\/span><\/span><\/span>\n<\/p>\n<p><label> Vorname (*)<br \/>\n<span class=\"wpcf7-form-control-wrap\" data-name=\"pre-name\"><input size=\"40\" maxlength=\"400\" class=\"wpcf7-form-control wpcf7-text wpcf7-validates-as-required\" aria-required=\"true\" aria-invalid=\"false\" value=\"\" type=\"text\" name=\"pre-name\" \/><\/span> <\/label><br \/>\n<label> Nachname (*)<br \/>\n<span class=\"wpcf7-form-control-wrap\" data-name=\"your-name\"><input size=\"40\" maxlength=\"400\" class=\"wpcf7-form-control wpcf7-text wpcf7-validates-as-required\" aria-required=\"true\" aria-invalid=\"false\" value=\"\" type=\"text\" name=\"your-name\" \/><\/span> <\/label><br \/>\n<label> Geburtstag (*)<br \/>\n<span class=\"wpcf7-form-control-wrap\" data-name=\"geb-136\"><input size=\"40\" maxlength=\"400\" class=\"wpcf7-form-control wpcf7-text wpcf7-validates-as-required\" aria-required=\"true\" aria-invalid=\"false\" value=\"\" type=\"text\" name=\"geb-136\" \/><\/span> <\/label>\n<\/p>\n<p><label> Bemerkungen\/Allergien <\/label><span class=\"wpcf7-form-control-wrap\" data-name=\"textarea-661\"><textarea cols=\"40\" rows=\"10\" maxlength=\"2000\" class=\"wpcf7-form-control wpcf7-textarea\" aria-invalid=\"false\" name=\"textarea-661\"><\/textarea><\/span>\n<\/p>\n<p><label>Informationen Eltern oder Erwachsenen<br \/>\n<\/label><label> Anrede (*) <\/label><span class=\"wpcf7-form-control-wrap\" data-name=\"radio-855\"><span class=\"wpcf7-form-control wpcf7-radio\"><span class=\"wpcf7-list-item first\"><input type=\"radio\" name=\"radio-855\" value=\"Frau\" \/><span class=\"wpcf7-list-item-label\">Frau<\/span><\/span><span class=\"wpcf7-list-item last\"><input type=\"radio\" name=\"radio-855\" value=\"Herr\" \/><span class=\"wpcf7-list-item-label\">Herr<\/span><\/span><\/span><\/span>\n<\/p>\n<p><label> Vorname (*)<br \/>\n<span class=\"wpcf7-form-control-wrap\" data-name=\"pre-name1\"><input size=\"40\" maxlength=\"400\" class=\"wpcf7-form-control wpcf7-text wpcf7-validates-as-required\" aria-required=\"true\" aria-invalid=\"false\" value=\"\" type=\"text\" name=\"pre-name1\" \/><\/span> <\/label><br \/>\n<label> Nachname (*)<br \/>\n<span class=\"wpcf7-form-control-wrap\" data-name=\"your-name1\"><input size=\"40\" maxlength=\"400\" class=\"wpcf7-form-control wpcf7-text wpcf7-validates-as-required\" aria-required=\"true\" aria-invalid=\"false\" value=\"\" type=\"text\" name=\"your-name1\" \/><\/span> <\/label><br \/>\n<label> Strasse, Nr. (*)<br \/>\n<span class=\"wpcf7-form-control-wrap\" data-name=\"street-name\"><input size=\"40\" maxlength=\"400\" class=\"wpcf7-form-control wpcf7-text wpcf7-validates-as-required\" aria-required=\"true\" aria-invalid=\"false\" value=\"\" type=\"text\" name=\"street-name\" \/><\/span> <\/label><br \/>\n<label> PLZ + Ort (*)<br \/>\n<span class=\"wpcf7-form-control-wrap\" data-name=\"ort-name\"><input size=\"40\" maxlength=\"400\" class=\"wpcf7-form-control wpcf7-text wpcf7-validates-as-required\" aria-required=\"true\" aria-invalid=\"false\" value=\"\" type=\"text\" name=\"ort-name\" \/><\/span> <\/label><br \/>\n<label> Telefon (*)<br \/>\n<span class=\"wpcf7-form-control-wrap\" data-name=\"tel-830\"><input size=\"40\" maxlength=\"400\" class=\"wpcf7-form-control wpcf7-tel wpcf7-validates-as-required wpcf7-text wpcf7-validates-as-tel\" aria-required=\"true\" aria-invalid=\"false\" value=\"\" type=\"tel\" name=\"tel-830\" \/><\/span> <\/label>\n<\/p>\n<p><label> E-Mail-Adresse (*)<br \/>\n<span class=\"wpcf7-form-control-wrap\" data-name=\"your-email\"><input size=\"40\" maxlength=\"400\" class=\"wpcf7-form-control wpcf7-email wpcf7-validates-as-required wpcf7-text wpcf7-validates-as-email\" aria-required=\"true\" aria-invalid=\"false\" value=\"\" type=\"email\" name=\"your-email\" \/><\/span> <\/label><br \/>\n<label> Bevorzugte Kommunikation (*) <\/label><span class=\"wpcf7-form-control-wrap\" data-name=\"radio-856\"><span class=\"wpcf7-form-control wpcf7-radio\"><span class=\"wpcf7-list-item first\"><input type=\"radio\" name=\"radio-856\" value=\"Email\" \/><span class=\"wpcf7-list-item-label\">Email<\/span><\/span><span class=\"wpcf7-list-item last\"><input type=\"radio\" name=\"radio-856\" value=\"Post + Fr. 3.-\" \/><span class=\"wpcf7-list-item-label\">Post + Fr. 3.-<\/span><\/span><\/span><\/span>\n<\/p>\n<p><label> Schon einen Kurs bei Schwimmschule Rothrist besucht (*) <\/label><span class=\"wpcf7-form-control-wrap\" data-name=\"radio-857\"><span class=\"wpcf7-form-control wpcf7-radio\"><span class=\"wpcf7-list-item first\"><input type=\"radio\" name=\"radio-857\" value=\"Ja\" \/><span class=\"wpcf7-list-item-label\">Ja<\/span><\/span><span class=\"wpcf7-list-item last\"><input type=\"radio\" name=\"radio-857\" value=\"Nein\" \/><span class=\"wpcf7-list-item-label\">Nein<\/span><\/span><\/span><\/span>\n<\/p>\n<p><label>Letzter bestandener Schwimmtest\/Abzeichen<\/label><span class=\"wpcf7-form-control-wrap\" data-name=\"menu-602\"><select class=\"wpcf7-form-control wpcf7-select wpcf7-validates-as-required\" aria-required=\"true\" aria-invalid=\"false\" name=\"menu-602\"><option value=\"Noch kein Abzeichen\">Noch kein Abzeichen<\/option><option value=\"Wassergew\u00f6hnung\">Wassergew\u00f6hnung<\/option><option value=\"Krebs\">Krebs<\/option><option value=\"Seepferd\">Seepferd<\/option><option value=\"Frosch\">Frosch<\/option><option value=\"Pinguin\">Pinguin<\/option><option value=\"Tintenfisch\">Tintenfisch<\/option><option value=\"Krokodil\">Krokodil<\/option><option value=\"Eisb\u00e4r\">Eisb\u00e4r<\/option><option value=\"Wal\">Wal<\/option><option value=\"Hecht\">Hecht<\/option><option value=\"Hai\">Hai<\/option><option value=\"Delfin\">Delfin<\/option><\/select><\/span>\n<\/p>\n<p><label>Wassergew\u00f6hnung, Wasserspielgruppe, Baby\/ELKI\/4 J\u00e4hrigen<\/label><span class=\"wpcf7-form-control-wrap\" data-name=\"menu-603\"><select class=\"wpcf7-form-control wpcf7-select wpcf7-validates-as-required\" aria-required=\"true\" aria-invalid=\"false\" name=\"menu-603\"><option value=\"Bitte w\u00e4hlen wenn zutreffend\">Bitte w\u00e4hlen wenn zutreffend<\/option><option value=\"26201 Baby Dienstag jeweils: 16.00-16.30\">26201 Baby Dienstag jeweils: 16.00-16.30<\/option><option value=\"26202 Baby Donnerstag jeweils: 16.00-16.30\">26202 Baby Donnerstag jeweils: 16.00-16.30<\/option><option value=\"26289 Wasserspielgruppe ab 18.8.2026\">26289 Wasserspielgruppe ab 18.8.2026<\/option><option value=\"Ausgebucht-26203 ELKI Dienstag jeweils: 15.30-16.00\">Ausgebucht-26203 ELKI Dienstag jeweils: 15.30-16.00<\/option><option value=\"26204 ELKI Donnerstag jeweils: 15.30-16.00\">26204 ELKI Donnerstag jeweils: 15.30-16.00<\/option><option value=\"26205 Wassergew\u00f6hnung(ab 4 Jahren) Montag jeweils: 14.00-14.30\">26205 Wassergew\u00f6hnung(ab 4 Jahren) Montag jeweils: 14.00-14.30<\/option><option value=\"26206 Wassergew\u00f6hnung(ab 4 Jahren) Dienstag jeweils: 15.00-15.30\">26206 Wassergew\u00f6hnung(ab 4 Jahren) Dienstag jeweils: 15.00-15.30<\/option><option value=\"26207 Wassergew\u00f6hnung(ab 4 Jahren) Donnerstag jeweils: 14.00-14.30\">26207 Wassergew\u00f6hnung(ab 4 Jahren) Donnerstag jeweils: 14.00-14.30<\/option><option value=\"Ausgebucht-26208 Wassergew\u00f6hnung(ab 4 Jahren) Freitag jeweils: 14.00-14.30\">Ausgebucht-26208 Wassergew\u00f6hnung(ab 4 Jahren) Freitag jeweils: 14.00-14.30<\/option><option value=\"Ausgebucht-26209 Wassergew\u00f6hnung(ab 4 Jahren) Samstag jeweils: 09.30-10.00\">Ausgebucht-26209 Wassergew\u00f6hnung(ab 4 Jahren) Samstag jeweils: 09.30-10.00<\/option><\/select><\/span>\n<\/p>\n<p><label>Grundlagentest 1-7 Krebs-Eisb\u00e4r<\/label><span class=\"wpcf7-form-control-wrap\" data-name=\"menu-604\"><select class=\"wpcf7-form-control wpcf7-select wpcf7-validates-as-required\" aria-required=\"true\" aria-invalid=\"false\" name=\"menu-604\"><option value=\"Bitte w\u00e4hlen wenn zutreffend\">Bitte w\u00e4hlen wenn zutreffend<\/option><option value=\"-Ausgebucht-26209 Krebs Samstag jeweils: 09.30-10.00\">-Ausgebucht-26209 Krebs Samstag jeweils: 09.30-10.00<\/option><option value=\"-Ausgebucht-26210 Krebs Montag jeweils: 14.30-15.00\">-Ausgebucht-26210 Krebs Montag jeweils: 14.30-15.00<\/option><option value=\"26211 Krebs Dienstag jeweils: 14.30-15.00\">26211 Krebs Dienstag jeweils: 14.30-15.00<\/option><option value=\"26212 Krebs Donnerstag jeweils: 14.30-15.00\">26212 Krebs Donnerstag jeweils: 14.30-15.00<\/option><option value=\"26213 Krebs Freitag jeweils: 14.30-15.00\">26213 Krebs Freitag jeweils: 14.30-15.00<\/option><option value=\"-Ausgebucht-26214 Krebs Samstag jeweils: 10.00-10.30\">-Ausgebucht-26214 Krebs Samstag jeweils: 10.00-10.30<\/option><option value=\"-Ausgebucht-26215 Krebs Samstag jeweils: 10.30-11.00\">-Ausgebucht-26215 Krebs Samstag jeweils: 10.30-11.00<\/option><option value=\"-Ausgebucht-26216 Seepferd Montag jeweils: 15.00-15.30\">-Ausgebucht-26216 Seepferd Montag jeweils: 15.00-15.30<\/option><option value=\"26217 Seepferd Dienstag jeweils: 14.00-14.30\">26217 Seepferd Dienstag jeweils: 14.00-14.30<\/option><option value=\"26218 Krebs\/Seepferd Donnerstag jeweils: 15.00-15.30\">26218 Krebs\/Seepferd Donnerstag jeweils: 15.00-15.30<\/option><option value=\"-Ausgebucht-26219 Seepferd Freitag jeweils: 15.00-15.30\">-Ausgebucht-26219 Seepferd Freitag jeweils: 15.00-15.30<\/option><option value=\"-Ausgebucht-26220 Seepferd Samstag jeweils: 10.30-11.00\">-Ausgebucht-26220 Seepferd Samstag jeweils: 10.30-11.00<\/option><option value=\"-Ausgebucht-26221 Frosch Samstag jeweils: 11.00-11.30\">-Ausgebucht-26221 Frosch Samstag jeweils: 11.00-11.30<\/option><option value=\"-Ausgebucht-26222 Frosch Montag jeweils: 15.30-16.00\">-Ausgebucht-26222 Frosch Montag jeweils: 15.30-16.00<\/option><option value=\"-Ausgebucht-26223 Frosch Dienstag jeweils: 16.00-16.30\">-Ausgebucht-26223 Frosch Dienstag jeweils: 16.00-16.30<\/option><option value=\"-Ausgebucht-26224 Frosch Donnerstag jeweils: 16.00-16.30\">-Ausgebucht-26224 Frosch Donnerstag jeweils: 16.00-16.30<\/option><option value=\"26225 Frosch Freitag jeweils: 15.30-16.00\">26225 Frosch Freitag jeweils: 15.30-16.00<\/option><option value=\"-Ausgebucht-26226 Frosch Samstag jeweils: 11.00-11.30\">-Ausgebucht-26226 Frosch Samstag jeweils: 11.00-11.30<\/option><option value=\"-Ausgebucht-26227 Frosch Samstag jeweils: 11.30-12.00\">-Ausgebucht-26227 Frosch Samstag jeweils: 11.30-12.00<\/option><option value=\"26228 Pinguin Montag jeweils: 16.00-16.30\">26228 Pinguin Montag jeweils: 16.00-16.30<\/option><option value=\"-Ausgebucht-26229 Pinguin Dienstag jeweils: 16.30-17.00\">-Ausgebucht-26229 Pinguin Dienstag jeweils: 16.30-17.00<\/option><option value=\"26230 Pinguin Donnerstag jeweils: 16.30-17.00\">26230 Pinguin Donnerstag jeweils: 16.30-17.00<\/option><option value=\"26231 Pinguin Freitag jeweils: 16.00-16.30\">26231 Pinguin Freitag jeweils: 16.00-16.30<\/option><option value=\"-Ausgebucht-26232 Pinguin Samstag jeweils: 11.30-12.00\">-Ausgebucht-26232 Pinguin Samstag jeweils: 11.30-12.00<\/option><option value=\"-Ausgebucht-26233 Pinguin Samstag jeweils: 09.30-10.00\">-Ausgebucht-26233 Pinguin Samstag jeweils: 09.30-10.00<\/option><option value=\"26234 Tintenfisch Montag jeweils: 16.30-17.00\">26234 Tintenfisch Montag jeweils: 16.30-17.00<\/option><option value=\"-Ausgebucht-26235 Tintenfisch Dienstag jeweils: 16.30-17.00\">-Ausgebucht-26235 Tintenfisch Dienstag jeweils: 16.30-17.00<\/option><option value=\"26236 Tintenfisch Donnerstag jeweils: 17.00-17.30\">26236 Tintenfisch Donnerstag jeweils: 17.00-17.30<\/option><option value=\"26237 Tintenfisch Freitag jeweils: 16.30-17.00\">26237 Tintenfisch Freitag jeweils: 16.30-17.00<\/option><option value=\"26238 Tintenfisch Samstag jeweils: 12.00-12.30\">26238 Tintenfisch Samstag jeweils: 12.00-12.30<\/option><option value=\"-Ausgebucht-26239 Tintenfisch Samstag jeweils: 10.00-10.30\">-Ausgebucht-26239 Tintenfisch Samstag jeweils: 10.00-10.30<\/option><option value=\"-Ausgebucht-26240 Krokodil Montag jeweils: 17.00-17.30\">-Ausgebucht-26240 Krokodil Montag jeweils: 17.00-17.30<\/option><option value=\"-Ausgebucht-26241 Krokodil Dienstag jeweils: 17.00-17.30\">-Ausgebucht-26241 Krokodil Dienstag jeweils: 17.00-17.30<\/option><option value=\"-Ausgebucht-26242 Krokodil Donnerstag jeweils: 17.30-18.00\">-Ausgebucht-26242 Krokodil Donnerstag jeweils: 17.30-18.00<\/option><option value=\"26243 Krokodil Freitag jeweils: 17.00-17.30\">26243 Krokodil Freitag jeweils: 17.00-17.30<\/option><option value=\"26244 Krokodil Samstag jeweils: 12.30-13.00\">26244 Krokodil Samstag jeweils: 12.30-13.00<\/option><option value=\"-Ausgebucht-26286 Krokodil Samstag jeweils: 10.30-11.00\">-Ausgebucht-26286 Krokodil Samstag jeweils: 10.30-11.00<\/option><option value=\"-Ausgebucht-26245 Eisb\u00e4r Montag jeweils: 17.00-17.30\">-Ausgebucht-26245 Eisb\u00e4r Montag jeweils: 17.00-17.30<\/option><option value=\"26246 Eisb\u00e4r Dienstag jeweils: 17.00-17.30\">26246 Eisb\u00e4r Dienstag jeweils: 17.00-17.30<\/option><option value=\"-Ausgebucht-26247 Eisb\u00e4r Donnerstag jeweils: 17.30-18.00\">-Ausgebucht-26247 Eisb\u00e4r Donnerstag jeweils: 17.30-18.00<\/option><option value=\"26248 Eisb\u00e4r Freitag jeweils: 17.00-17.30\">26248 Eisb\u00e4r Freitag jeweils: 17.00-17.30<\/option><option value=\"-Ausgebucht-26249 Eisb\u00e4r Samstag jeweils: 12.30-13.00\">-Ausgebucht-26249 Eisb\u00e4r Samstag jeweils: 12.30-13.00<\/option><option value=\"-Ausgebucht-26287 Eisb\u00e4r Samstag jeweils: 10.30-11.00\">-Ausgebucht-26287 Eisb\u00e4r Samstag jeweils: 10.30-11.00<\/option><\/select><\/span>\n<\/p>\n<p><label>Schwimmtest Jugend Wal-Delfin<\/label><span class=\"wpcf7-form-control-wrap\" data-name=\"menu-605\"><select class=\"wpcf7-form-control wpcf7-select wpcf7-validates-as-required\" aria-required=\"true\" aria-invalid=\"false\" name=\"menu-605\"><option value=\"Bitte w\u00e4hlen wenn zutreffend\">Bitte w\u00e4hlen wenn zutreffend<\/option><option value=\"-Ausgebucht-26250 Wal bis Delfin Montag jeweils: 17.30-18.00\">-Ausgebucht-26250 Wal bis Delfin Montag jeweils: 17.30-18.00<\/option><option value=\"-Ausgebucht-26251 Wal bis Delfin Freitag jeweils: 17.30-18.00\">-Ausgebucht-26251 Wal bis Delfin Freitag jeweils: 17.30-18.00<\/option><option value=\"26252 Wal bis Delfin Samstag jeweils: 13.00-13.30\">26252 Wal bis Delfin Samstag jeweils: 13.00-13.30<\/option><\/select><\/span>\n<\/p>\n<p><label>Training Jugend, Erwachsenenschwimmen<\/label><span class=\"wpcf7-form-control-wrap\" data-name=\"menu-606\"><select class=\"wpcf7-form-control wpcf7-select wpcf7-validates-as-required\" aria-required=\"true\" aria-invalid=\"false\" name=\"menu-606\"><option value=\"Bitte w\u00e4hlen wenn zutreffend\">Bitte w\u00e4hlen wenn zutreffend<\/option><option value=\"26253 Jugend Donnerstag jeweils: 18.00-18.45\">26253 Jugend Donnerstag jeweils: 18.00-18.45<\/option><option value=\"26256 Crawl 1 Dienstag jeweils: 18.30-19.00\">26256 Crawl 1 Dienstag jeweils: 18.30-19.00<\/option><option value=\"26257 Crawl 2 Dienstag jeweils: 19.00-19.30\">26257 Crawl 2 Dienstag jeweils: 19.00-19.30<\/option><\/select><\/span>\n<\/p>\n<p><label>Atlantis<\/label><span class=\"wpcf7-form-control-wrap\" data-name=\"menu-607\"><select class=\"wpcf7-form-control wpcf7-select wpcf7-validates-as-required\" aria-required=\"true\" aria-invalid=\"false\" name=\"menu-607\"><option value=\"Bitte w\u00e4hlen wenn zutreffend\">Bitte w\u00e4hlen wenn zutreffend<\/option><option value=\"26286 Schildkrot Dienstag-Freitag jeweils: 09.00-09.45\">26286 Schildkrot Dienstag-Freitag jeweils: 09.00-09.45<\/option><option value=\"26287 Roche Dienstag- Freitag jeweils: 10.00-10.45\">26287 Roche Dienstag- Freitag jeweils: 10.00-10.45<\/option><option value=\"26288 Orkan Dienstag- Freitag jeweils: 11.00-11.45\">26288 Orkan Dienstag- Freitag jeweils: 11.00-11.45<\/option><\/select><\/span>\n<\/p>\n<p><label>Sommer-Ferienschwimmkurse<\/label><span class=\"wpcf7-form-control-wrap\" data-name=\"menu-609\"><select class=\"wpcf7-form-control wpcf7-select wpcf7-validates-as-required\" aria-required=\"true\" aria-invalid=\"false\" name=\"menu-609\"><option value=\"Bitte w\u00e4hlen wenn zutreffend\">Bitte w\u00e4hlen wenn zutreffend<\/option><option value=\"26275 Wassergew\u00f6hnung(ab 4 Jahren) Dienstag-Samstag jeweils: 09.30-10.00\">26275 Wassergew\u00f6hnung(ab 4 Jahren) Dienstag-Samstag jeweils: 09.30-10.00<\/option><option value=\"26276 Krebs Dienstag- Samstag jeweils: 10.00-10.30\">26276 Krebs Dienstag- Samstag jeweils: 10.00-10.30<\/option><option value=\"26277 Seepferd Dienstag- Samstag jeweils: 10.30-11.00\">26277 Seepferd Dienstag- Samstag jeweils: 10.30-11.00<\/option><option value=\"26278 Frosch Dienstag- Samstag jeweils: 11.00-11.30\">26278 Frosch Dienstag- Samstag jeweils: 11.00-11.30<\/option><option value=\"26279 Pinguin Dienstag- Samstag jeweils: 11.30-12.00\">26279 Pinguin Dienstag- Samstag jeweils: 11.30-12.00<\/option><option value=\"26280 Tintenfisch Dienstag- Samstag jeweils: 12.00-12.30\">26280 Tintenfisch Dienstag- Samstag jeweils: 12.00-12.30<\/option><option value=\"26281 Krokodil Dienstag- Samstag jeweils: 12.30-13.00\">26281 Krokodil Dienstag- Samstag jeweils: 12.30-13.00<\/option><option value=\"26282 Eisb\u00e4r Dienstag- Samstag jeweils: 12.30-13.00\">26282 Eisb\u00e4r Dienstag- Samstag jeweils: 12.30-13.00<\/option><\/select><\/span>\n<\/p>\n<p><span class=\"wpcf7-form-control-wrap\" data-name=\"acceptance-722\"><span class=\"wpcf7-form-control wpcf7-acceptance optional\"><span class=\"wpcf7-list-item\"><label><input type=\"checkbox\" name=\"acceptance-722\" value=\"1\" aria-invalid=\"false\" \/><span class=\"wpcf7-list-item-label\">Fotos\/Videos: Mit dem Aktivieren der Checkbox erkl\u00e4re ich mich einverstanden, dass Fotos\/Videos vom Schwimmkurs auf der Home Page www.schwimmschulerothrist.ch \/ Instagram \/ Facebook ver\u00f6ffentlicht werden.<\/span><\/label><\/span><\/span><\/span>\n<\/p>\n<p><span class=\"wpcf7-form-control-wrap\" data-name=\"acceptance-189\"><span class=\"wpcf7-form-control wpcf7-acceptance\"><span class=\"wpcf7-list-item\"><label><input type=\"checkbox\" name=\"acceptance-189\" value=\"1\" aria-invalid=\"false\" \/><span class=\"wpcf7-list-item-label\">Mit dem Absenden dieses Formulars melden Sie sich oder ihr Kind verbindlich zu dem genannten Kurs an und best\u00e4tigen die Richtigkeit obigen Angaben. Ebenso haben Sie die Richtlinie und die Allgemeine Gesch\u00e4ftsbedingungen (AGB) zur Kenntnis genommen.(*)<\/span><\/label><\/span><\/span><\/span>\n<\/p>\n<p><span class=\"wpcf7-form-control-wrap\" data-name=\"acceptance-190\"><span class=\"wpcf7-form-control wpcf7-acceptance\"><span class=\"wpcf7-list-item\"><label><input type=\"checkbox\" name=\"acceptance-190\" value=\"1\" aria-invalid=\"false\" \/><span class=\"wpcf7-list-item-label\">Ihre E-Mail Anmeldung ist verbindlich. Annulationen werden in Rechnung gestellt bis 14 Tage vor Kursbeginn CHF 30.- Bearbeitungsgeb\u00fchr (Wasserspielgruppe CHF 90.-). Bis 7 Tage vor Kursbeginn 50%. Sp\u00e4ter oder bei keiner Abmeldung 100% des Kursgeldes.(*)<\/span><\/label><\/span><\/span><\/span>\n<\/p>\n<p>Nach Absenden dieser Anmeldung erhalten Sie eine Benachrichtigung \u00fcber den Eingang. Sp\u00e4testens 7 Tag vor Kursbeginn erhalten Sie von uns die Kursbest\u00e4ttigung mit Datum \/ Zeit und die Rechnung \u00fcber die Kurskosten, per Mail oder per Post zugestellt. Die Rechnung muss vor kursbeginn auf unser Postkonto einbezahlt werden. Sollten Sie am Postschalter einzahlen kostet es Fr. 3.\u2014 mehr.\n<\/p>\n<p><a href=\"https:\/\/schwimmschulerothrist.ch\/?page_id=497\" target=\"_blank\" rel=\"noopener\"><strong>Allgemeinen Gesch\u00e4ftsbedingungen<\/strong><\/a>\n<\/p>\n<p><input class=\"wpcf7-form-control wpcf7-submit has-spinner\" type=\"submit\" value=\"Senden\" \/>\n<\/p><div class=\"wpcf7-response-output\" aria-hidden=\"true\"><\/div>\n<\/form>\n<\/div>\n\t\t\t\t\t\t\t\t<\/div>\n\t\t\t\t<\/div>\n\t\t\t\t\t<\/div>\n\t\t<\/div>\n\t\t\t\t\t<\/div>\n\t\t<\/section>\n\t\t\t\t<\/div>\n\t\t","protected":false},"excerpt":{"rendered":"","protected":false},"author":1,"featured_media":0,"parent":0,"menu_order":0,"comment_status":"closed","ping_status":"closed","template":"","meta":{"footnotes":""},"class_list":["post-486","page","type-page","status-publish","hentry"],"_links":{"self":[{"href":"https:\/\/schwimmschulerothrist.ch\/index.php?rest_route=\/wp\/v2\/pages\/486","targetHints":{"allow":["GET"]}}],"collection":[{"href":"https:\/\/schwimmschulerothrist.ch\/index.php?rest_route=\/wp\/v2\/pages"}],"about":[{"href":"https:\/\/schwimmschulerothrist.ch\/index.php?rest_route=\/wp\/v2\/types\/page"}],"author":[{"embeddable":true,"href":"https:\/\/schwimmschulerothrist.ch\/index.php?rest_route=\/wp\/v2\/users\/1"}],"replies":[{"embeddable":true,"href":"https:\/\/schwimmschulerothrist.ch\/index.php?rest_route=%2Fwp%2Fv2%2Fcomments&post=486"}],"version-history":[{"count":20,"href":"https:\/\/schwimmschulerothrist.ch\/index.php?rest_route=\/wp\/v2\/pages\/486\/revisions"}],"predecessor-version":[{"id":2117,"href":"https:\/\/schwimmschulerothrist.ch\/index.php?rest_route=\/wp\/v2\/pages\/486\/revisions\/2117"}],"wp:attachment":[{"href":"https:\/\/schwimmschulerothrist.ch\/index.php?rest_route=%2Fwp%2Fv2%2Fmedia&parent=486"}],"curies":[{"name":"wp","href":"https:\/\/api.w.org\/{rel}","templated":true}]}}